t k = j + 9. Let h = 20 + k. What is the units digit of h?
8
Let d(t) = -t**2 + 3. Let v be d(0). Suppose v*j + 0*a + a = 0, 0 = 4*j - 3*a. Let q(y) = y + 19. What is the units digit of q(j)?
9
Let b = 7 - 1. Suppose -b*t + 2*t + 232 = 0. What is the tens digit of t?
5
Let t be -2*(-4)/8 + 2 + -9. Let m be (4/(-2))/(1/(-21)). What is the tens digit of m/4 + t/(-4)?
1
Let z(r) = r**2 - 1 - 7 + 3*r - 4. What is the tens digit of z(-9)?
4
What is the thousands digit of 114/27 - 4 - 55317/(-27)?
2
Let w be (-1 - (-3)/1) + -14. Let q = 18 - w. Let y = 49 - q. What is the tens digit of y?
1
Let d(l) = 157*l + 17. What is the hundreds digit of d(3)?
4
Suppose -3*x - 2*x = -10. Suppose i - 2*m = 76, x*i + 4*m - m - 180 = 0. What is the tens digit of i?
8
Let m(g) = -5*g - 4. Let k(n) = 4*n + 5. Let u(a) = -4*k(a) - 3*m(a). Suppose 2*t + 30 = 2. What is the units digit of u(t)?
6
What is the units digit of (-12936)/(-9) - 2/(-3)?
8
Let i(r) = 4*r + 15. Let z be i(7). Let w = 5 + z. What is the units digit of w?
8
Suppose -10*f + 7*f + 3*z + 2607 = 0, 0 = 4*z - 20. What is the hundreds digit of f?
8
Let k be ((-45)/(-10))/((-6)/(-8)). Suppose k*l - 20 = l. What is the units digit of 4/((-104)/28 + l)?
4
Let x be (-2)/4 - (-261)/(-18). What is the tens digit of (-4 + (-36)/x)*-15?
2
Suppose -127*s + 5*s + 592310 = 0. What is the units digit of s?
5
Let m(g) = -g - 6. Let y be m(-6). Suppose y = 8*b - 6*b - 12. Let u = b - 1. What is the units digit of u?
5
Suppose 4*n + l - 13 = 0, -2*n + 5*l - 5 - 16 = 0. Suppose x = 4*m - 14 + 2, 0 = 2*m + 4*x - 6. What is the tens digit of n/(-6) + 43/m?
1
Let h be (-1)/3*(-2 + -4). Let n(x) = 9*x**h - 8*x**3 + 7*x**3 - 2*x**2. What is the units digit of n(6)?
6
Let f be (-75)/(-10) - 3/(-2). Let x(h) = h + 2. Let a be x(f). Suppose 5*c - 44 = a. What is the tens digit of c?
1
Suppose 6*o - 3048 = -0*o. What is the units digit of o?
8
Let d = 29 + -21. Suppose 781 + 1731 = d*r. What is the units digit of r?
4
Suppose -4*j + 4*x + 32 = 0, 10 = 5*j + 2*x + 3*x. Suppose -n + 3*p + 18 = j*p, 2*n + 2*p = 46. Suppose -2*y + n = -0*y. What is the units digit of y?
4
Let d = -1059 + 1832. What is the hundreds digit of d?
7
Let o = 16 + -4. Let h = -13 + o. What is the tens digit of h*(2 - 1 - 29)?
2
Suppose 0 = -49*l + 61*l - 6672. What is the units digit of l?
6
What is the tens digit of ((-3)/(-6) - (-3 - -128))*-2?
4
Let j(g) = 12*g + 2. Let r(b) = 1. Let y(n) = j(n) - 3*r(n). Let s be y(5). Suppose -6*p + s = -157. What is the tens digit of p?
3
Let q(l) = -l**2 + 21*l - 20. Suppose 2*g - 18 = -d + 4*g, d - 12 = -4*g. What is the tens digit of q(d)?
6
Let a(l) = -l**3 - 7*l**2 + 18*l + 13. Let m = 80 + -90. What is the hundreds digit of a(m)?
1
Suppose -6*y - 5 = -y. Let h(a) = -3*a + 47*a**2 - 18*a**2 + 3*a + a - 3*a. What is the tens digit of h(y)?
3
Let q(t) = -19*t + 30. Let o be q(15). Let m = o - -461. Suppose 5*u = -4*a + 185, -m = -5*u - 2*a - 21. What is the tens digit of u?
3
Suppose 21140 = 24*c - 4*c. What is the tens digit of c?
5
Let o(b) = -b + 7. Let w be o(3). Suppose 3*t = -p + 93, 41 + 1 = t + w*p. Suppose 0 = -g - g - 5*k + 39, -3*g = -2*k - t. What is the tens digit of g?
1
Suppose 0 = -2*r - 5*b + 6, 5*r + 3*b - 32 = 21. Suppose 4*g - m + r + 0 = 0, 5*m = 5*g + 5. What is the units digit of (-88)/g - (-4)/4?
3
Suppose -2*f - q + 35 = 0, 4*q - 5 = -1. Let v = -6 - -2. Let r = f + v. What is the units digit of r?
3
Let g = -7 + 17. Suppose 0 = 3*a + 2*l - 7, 4 = -4*a - 4*l + 12. Suppose -2*y + s + 41 = 0, -a*s - s - g = -y. What is the units digit of y?
2
Let k(g) = -3*g**3 + g**2. Let b be k(-1). Let t = b + 14. What is the tens digit of t?
1
Let m = 962 - 594. What is the tens digit of m?
6
Suppose -2*u = -5*x + 3*x - 454, 4 = -2*x. What is the hundreds digit of u?
2
Suppose -3*g - 1337 - 706 = -3*w, -2*w + 1367 = -g. What is the tens digit of w?
8
Let b = 2183 - 1088. What is the hundreds digit of b?
0
Let h(i) = -7*i**3 - 2*i**2 - 3*i - 57. What is the hundreds digit of h(-8)?
4
Let c(y) be the first derivative of y**4/4 - 5*y**2/2 + 2*y - 8. Let i be c(6). Suppose 5*n - 9*n = -i. What is the tens digit of n?
4
Let i be (16/10)/((-6)/2955). What is the units digit of i/(-14) - (-4)/(-14)?
6
Let v = 58 - 55. Suppose v*b = -l + 45, -l + 4*b - 48 = -2*l. What is the units digit of l?
6
Let o(g) = -5*g**3 + 4*g**2 - 47*g - 52. What is the thousands digit of o(-7)?
2
Let n(b) = b + 12. Let o be n(-12). Suppose o = -z + 97 + 135. What is the units digit of z?
2
Let j = 78 - 78. Let u = 32 + -67. Let q = j - u. What is the tens digit of q?
3
Let i be 18/12*32/6. Let a(t) = -4 - 8*t + i*t**2 - 7 + 20*t + 0*t**2 - t**3. What is the units digit of a(9)?
6
Let s(n) be the third derivative of -n**6/30 - n**5/60 - n**4/6 - n**3/2 + 93*n**2. Let d = -1 - 1. What is the tens digit of s(d)?
3
Let s(o) = 265*o**2 + 1. What is the tens digit of s(1)?
6
Suppose 6690 = -10*u + 20*u. What is the units digit of u?
9
Let g(z) = z + 9. Let n be g(-6). Let p(y) be the second derivative of y**3/6 - y**2/2 - y. What is the units digit of p(n)?
2
What is the tens digit of 46/575 + (-32946)/(-50)?
5
Let j be (1/2)/(8/176). What is the tens digit of 2368/44 + 2/j?
5
Let x(f) = -3*f**2 + 1 + 7*f**3 - f**2 + 3*f**2. Suppose -3*m + 7 = 2*p, 0 = 5*m + p - 7 - 0. What is the units digit of x(m)?
7
Suppose -y = -b + 2, 0 = -3*b + 8*b - y - 10. Let h be b/(-10) + (-306)/(-30). Suppose -h*n + 31 = -9*n. What is the units digit of n?
1
Let w = -22 + 39. Let u(j) = 7*j - 1. Let f be u(6). Let g = f + w. What is the tens digit of g?
5
Let z(q) = q**2 + 2*q - 5. Let v be z(-4). Suppose -u - v + 6 = 0. Suppose -52 = -u*r + 8. What is the tens digit of r?
2
Let h(b) = -b**2 + 72*b - 138. What is the hundreds digit of h(61)?
5
Let p = -15 + 16. Let m be 4*p*(-6)/12. Let z = m + 10. What is the units digit of z?
8
Suppose 2 = -5*l + 37. Suppose 0 = p + 3*v + 2*v + 23, -l = -p + v. Suppose t = -5*u + 3 + 9, -u - p*t = 3. What is the units digit of u?
3
Let s = -778 - -1166. What is the tens digit of s?
8
Let g = 33 - 43. What is the units digit of (-4)/g + 27/45?
1
Suppose -1 = -3*p - t + 2, 5*p + 3 = t. Let k(q) = 7*q**2 - 28. Let h(r) = -3*r**2 + 14. Let m(l) = 5*h(l) + 2*k(l). What is the tens digit of m(p)?
1
Let h be 4/(-14)*(-56)/8. Let i(a) = 7 + 5*a**3 - 10*a**3 - 5*a**2 - h*a**3 + 6*a**3. What is the units digit of i(-5)?
7
Let h(s) be the second derivative of s**5/20 + 5*s**4/6 + 4*s**3/3 - 9*s**2 - 26*s. What is the units digit of h(-8)?
6
Let q(n) be the second derivative of n**5/10 - 5*n**4/12 + 4*n**3/3 - 5*n**2/2 - 37*n. What is the hundreds digit of q(5)?
1
Let f(d) be the second derivative of 7/2*d**2 + 0 - 4/3*d**3 + 7*d. What is the units digit of f(-5)?
7
Let q = -37 - -44. Suppose -2*l + 1529 = 5*f, 0 = -5*f + q*f + l - 612. What is the tens digit of f?
0
Suppose 2*u = -0 + 4. What is the units digit of (9 - u)*3 - -3?
4
Let z(d) = -5*d**3 + d**2 + 4*d + 3. Let r be z(-1). Suppose r*l - 7*l = 0, 5*j = -l + 285. What is the units digit of j?
7
Suppose 3*k + 5 = -2*m, 6*m + 25 = m + 5*k. What is the units digit of (6/m)/((-24)/448)?
8
Let g(m) = -m**3 - 7*m**2. Let c be g(-7). Suppose c = 10*w - 8*w - 126. What is the tens digit of w?
6
Let z = 1 - 10. Let v be (-3)/z*(4 - 4). Suppose 3*r - 99 = -v*r. What is the units digit of r?
3
Let z(s) = 16*s**2 + s + 20. What is the tens digit of z(-6)?
9
Let u = -11 - -21. Let i = 26 - u. What is the units digit of i?
6
Suppose -3*s - 1317 = -2*i, 4*s = 4*i + s - 2631. What is the units digit of i?
7
Let h = 22 - 30. Let w be (-1 - 3)*6/8. Let g = w - h. What is the units digit of g?
5
Suppose -92*j - 13713 = -99*j. What is the tens digit of j?
5
Suppose 3*b = -2*j + 7, -4*j + j = -5*b + 37. Let d = j + -11. Let v = 23 + d. What is the units digit of v?
8
Let p be 374/85 - 2/5. Suppose -p*h = f - 24, -h - h = -4*f + 78. Suppose 56 - f = 4*g. What is the units digit of g?
9
Suppose 3*x + 4*f - 7991 = 0, 0 = -0*x + 5*x + 2*f - 13337. What is the thousands digit of x?
2
Let n = 6 + -22. Let b = n + 19. What is the units digit of b?
3
Let p be 1/1 + 12/2. Suppose -3*n - 5*g + 24 = 0, 4*g + 33 = 3*n + 9. Let u = n - p. What is the units digit of u?
1
Let n = -6627 - -11421. What is th